{"id":13651,"date":"2019-04-10T23:20:03","date_gmt":"2019-04-11T02:20:03","guid":{"rendered":"http:\/\/institucional.ufrrj.br\/agroecologia\/?page_id=13651"},"modified":"2020-06-12T15:51:37","modified_gmt":"2020-06-12T18:51:37","slug":"paa","status":"publish","type":"page","link":"https:\/\/institucional.ufrrj.br\/agroecologia\/paa\/","title":{"rendered":"PAA"},"content":{"rendered":"<p>O Programa de Aquisi\u00e7\u00e3o de Alimentos (PAA) \u00e9 uma pol\u00edtica p\u00fablica intersetorial que tem por finalidade garantir o direito \u00e0 alimenta\u00e7\u00e3o de pessoas em situa\u00e7\u00e3o de inseguran\u00e7a alimentar e nutricional. O PAA promove a inclus\u00e3o econ\u00f4mica e social da agricultura familiar com fomento a:<\/p>\n<p><img loading=\"lazy\" decoding=\"async\" class=\"alignnone wp-image-14601 size-large\" src=\"https:\/\/institucional.ufrrj.br\/agroecologia\/files\/2019\/11\/certpo-1024x338.png\" alt=\"\" width=\"1024\" height=\"338\" srcset=\"https:\/\/institucional.ufrrj.br\/agroecologia\/files\/2019\/11\/certpo-1024x338.png 1024w, https:\/\/institucional.ufrrj.br\/agroecologia\/files\/2019\/11\/certpo-300x99.png 300w, https:\/\/institucional.ufrrj.br\/agroecologia\/files\/2019\/11\/certpo-768x254.png 768w, https:\/\/institucional.ufrrj.br\/agroecologia\/files\/2019\/11\/certpo.png 1280w\" sizes=\"auto, (max-width: 1024px) 100vw, 1024px\" \/><\/p>\n<p>As compras p\u00fablicas de g\u00eaneros aliment\u00edcios devem priorizar os agricultores do munic\u00edpio, as comunidades tradicionais, grupos de mulheres, assentados da reforma agr\u00e1ria, quilombolas e produtores org\u00e2nicos.<\/p>\n<p>A modalidade Compra Institucional possibilitou \u00e0s universidades p\u00fablicas adquirir g\u00eaneros aliment\u00edcios da agricultura familiar para atendimento \u00e0s demandas regulares dos Restaurantes Universit\u00e1rios. Um exemplo ocorreu no dia 15 de Agosto\u00a0 de 2019, data em que\u00a0 foi realizada a primeira entrega de alimentos via Programa de aquisi\u00e7\u00e3o de alimentos no campus Nova Igua\u00e7u. O Restaurante Universit\u00e1rio ir\u00e1 receber regulamente banana prata, aipim e inhame dos agricultores M\u00e1rcio e Tatiana, de Paracambi.<\/p>\n<p>Estes alimentos ser\u00e3o servidos aos estudantes no Restaurante Universit\u00e1rio. As entregas ser\u00e3o quinzenais e acontecer\u00e3o todas as quintas-feiras. Renata Bravin \u00e9 agr\u00f4noma formada pela UFRRJ e atualmente \u00e9 residente no campus do IM e acompanha a execu\u00e7\u00e3o deste programa junto com as t\u00e9cnicas do Restaurante Universit\u00e1rio, Mariana Gomes e Elaine Ibrahim e pelo t\u00e9cnico administrativo Igor Samuel. Segundo Renata, a equipe est\u00e1 trabalhando para lan\u00e7ar a pr\u00f3xima chamada p\u00fablica para 2020, visando ampliar a variedade de itens e a participa\u00e7\u00e3o de agricultores.<strong> Alimentos saud\u00e1veis e frescos direto dos produtores da regi\u00e3o<\/strong> que ser\u00e3o oferecidos aos alunos, fortalecendo assim a agricultura familiar.<\/p>\n<p>A<strong> Rural foi a primeira universidade p\u00fablica no estado do Rio de Janeiro a aderir ao PAA<\/strong> (Chamada N\u00ba 01\/2016), a partir de a\u00e7\u00f5es intersetoriais entre Pr\u00f3-Reitoria de Assuntos Financeiros (Proaf) e de Assuntos Estudantis (Proaes), Restaurante Universit\u00e1rio e Divis\u00e3o de Suprimentos e Gest\u00e3o da Assist\u00eancia Estudantil (Digsaes), Instituto de Agronomia e Ci\u00eancias Biol\u00f3gicas e da Sa\u00fade.<\/p>\n<p>O Programa de Fortalecimento \u00e0 Agricultura Familiar apoia a consolida\u00e7\u00e3o e a operacionaliza\u00e7\u00e3o do PAA na Rural nos campi Serop\u00e9dica e Nova Igua\u00e7u, auxiliando em todas as etapas do processo e fazendo a interlocu\u00e7\u00e3o entre agricultores e a Rural. Residentes em agronomia em parceria com extensionistas da Emater-Rio t\u00eam auxiliado os agricultores na supera\u00e7\u00e3o de dificuldades para acessar o PAA, destacando-se assist\u00eancia t\u00e9cnica e extens\u00e3o rural, aux\u00edlio para elabora\u00e7\u00e3o das propostas de venda, formaliza\u00e7\u00e3o e planejamento de produ\u00e7\u00e3o.<\/p>\n<p>Para os agricultores, os<strong> benef\u00edcios de participar do PAA<\/strong> incluem:<\/p>\n<p><img loading=\"lazy\" decoding=\"async\" class=\"alignnone size-large wp-image-14604\" src=\"https:\/\/institucional.ufrrj.br\/agroecologia\/files\/2019\/11\/sasaaaa-1-1024x352.png\" alt=\"\" width=\"1024\" height=\"352\" srcset=\"https:\/\/institucional.ufrrj.br\/agroecologia\/files\/2019\/11\/sasaaaa-1-1024x352.png 1024w, https:\/\/institucional.ufrrj.br\/agroecologia\/files\/2019\/11\/sasaaaa-1-300x103.png 300w, https:\/\/institucional.ufrrj.br\/agroecologia\/files\/2019\/11\/sasaaaa-1-768x264.png 768w, https:\/\/institucional.ufrrj.br\/agroecologia\/files\/2019\/11\/sasaaaa-1.png 1274w\" sizes=\"auto, (max-width: 1024px) 100vw, 1024px\" \/><\/p>\n<p>Para a Rural tem sido uma oportunidade para melhorar a alimenta\u00e7\u00e3o oferecida aos estudantes nos Restaurantes Universit\u00e1rios. Os produtos adquiridos tem excelente qualidade, s\u00e3o frescos, e de \u00e9poca. Percebe-se ainda uma clara diferen\u00e7a no sabor dos alimentos ofertados, especialmente das frutas, que s\u00e3o mais doces, e das ra\u00edzes como o aipim, que \u00e9 macio e de f\u00e1cil cozimento.<\/p>\n<p><strong>\u00c9 uma meta do Programa de extens\u00e3o aumentar as aquisi\u00e7\u00f5es da agricultura familiar visando o pleno atendimento das demandas dos Restaurantes Universit\u00e1rios.<\/strong><\/p>\n\n\t\t<style type=\"text\/css\">\n\t\t\t#gallery-1 {\n\t\t\t\tmargin: auto;\n\t\t\t}\n\t\t\t#gallery-1 .gallery-item {\n\t\t\t\tfloat: left;\n\t\t\t\tmargin-top: 10px;\n\t\t\t\ttext-align: center;\n\t\t\t\twidth: 33%;\n\t\t\t}\n\t\t\t#gallery-1 img {\n\t\t\t\tborder: 2px solid #cfcfcf;\n\t\t\t}\n\t\t\t#gallery-1 .gallery-caption {\n\t\t\t\tmargin-left: 0;\n\t\t\t}\n\t\t\t\/* see gallery_shortcode() in wp-includes\/media.php *\/\n\t\t<\/style>\n\t\t<div id='gallery-1' class='gallery galleryid-13651 gallery-columns-3 gallery-size-medium'><dl class='gallery-item'>\n\t\t\t<dt class='gallery-icon landscape'>\n\t\t\t\t<a href='https:\/\/institucional.ufrrj.br\/agroecologia\/paa\/69264358_2431942953549019_8777127241197813760_n\/'><img loading=\"lazy\" decoding=\"async\" width=\"300\" height=\"300\" src=\"https:\/\/institucional.ufrrj.br\/agroecologia\/files\/2020\/01\/69264358_2431942953549019_8777127241197813760_n-300x300.jpg\" class=\"attachment-medium size-medium\" alt=\"\" srcset=\"https:\/\/institucional.ufrrj.br\/agroecologia\/files\/2020\/01\/69264358_2431942953549019_8777127241197813760_n-300x300.jpg 300w, https:\/\/institucional.ufrrj.br\/agroecologia\/files\/2020\/01\/69264358_2431942953549019_8777127241197813760_n-150x150.jpg 150w, https:\/\/institucional.ufrrj.br\/agroecologia\/files\/2020\/01\/69264358_2431942953549019_8777127241197813760_n-768x768.jpg 768w, https:\/\/institucional.ufrrj.br\/agroecologia\/files\/2020\/01\/69264358_2431942953549019_8777127241197813760_n-75x75.jpg 75w, https:\/\/institucional.ufrrj.br\/agroecologia\/files\/2020\/01\/69264358_2431942953549019_8777127241197813760_n-100x100.jpg 100w, https:\/\/institucional.ufrrj.br\/agroecologia\/files\/2020\/01\/69264358_2431942953549019_8777127241197813760_n.jpg 960w\" sizes=\"auto, (max-width: 300px) 100vw, 300px\" \/><\/a>\n\t\t\t<\/dt><\/dl><dl class='gallery-item'>\n\t\t\t<dt class='gallery-icon landscape'>\n\t\t\t\t<a href='https:\/\/institucional.ufrrj.br\/agroecologia\/paa\/68753667_2431942843549030_2257274011497005056_n\/'><img loading=\"lazy\" decoding=\"async\" width=\"300\" height=\"300\" src=\"https:\/\/institucional.ufrrj.br\/agroecologia\/files\/2020\/01\/68753667_2431942843549030_2257274011497005056_n-300x300.jpg\" class=\"attachment-medium size-medium\" alt=\"\" srcset=\"https:\/\/institucional.ufrrj.br\/agroecologia\/files\/2020\/01\/68753667_2431942843549030_2257274011497005056_n-300x300.jpg 300w, https:\/\/institucional.ufrrj.br\/agroecologia\/files\/2020\/01\/68753667_2431942843549030_2257274011497005056_n-150x150.jpg 150w, https:\/\/institucional.ufrrj.br\/agroecologia\/files\/2020\/01\/68753667_2431942843549030_2257274011497005056_n-768x768.jpg 768w, https:\/\/institucional.ufrrj.br\/agroecologia\/files\/2020\/01\/68753667_2431942843549030_2257274011497005056_n-75x75.jpg 75w, https:\/\/institucional.ufrrj.br\/agroecologia\/files\/2020\/01\/68753667_2431942843549030_2257274011497005056_n-100x100.jpg 100w, https:\/\/institucional.ufrrj.br\/agroecologia\/files\/2020\/01\/68753667_2431942843549030_2257274011497005056_n.jpg 960w\" sizes=\"auto, (max-width: 300px) 100vw, 300px\" \/><\/a>\n\t\t\t<\/dt><\/dl><dl class='gallery-item'>\n\t\t\t<dt class='gallery-icon landscape'>\n\t\t\t\t<a href='https:\/\/institucional.ufrrj.br\/agroecologia\/paa\/69528316_2431942896882358_1726320593768284160_n\/'><img loading=\"lazy\" decoding=\"async\" width=\"300\" height=\"300\" src=\"https:\/\/institucional.ufrrj.br\/agroecologia\/files\/2020\/01\/69528316_2431942896882358_1726320593768284160_n-300x300.jpg\" class=\"attachment-medium size-medium\" alt=\"\" srcset=\"https:\/\/institucional.ufrrj.br\/agroecologia\/files\/2020\/01\/69528316_2431942896882358_1726320593768284160_n-300x300.jpg 300w, https:\/\/institucional.ufrrj.br\/agroecologia\/files\/2020\/01\/69528316_2431942896882358_1726320593768284160_n-150x150.jpg 150w, https:\/\/institucional.ufrrj.br\/agroecologia\/files\/2020\/01\/69528316_2431942896882358_1726320593768284160_n-768x768.jpg 768w, https:\/\/institucional.ufrrj.br\/agroecologia\/files\/2020\/01\/69528316_2431942896882358_1726320593768284160_n-75x75.jpg 75w, https:\/\/institucional.ufrrj.br\/agroecologia\/files\/2020\/01\/69528316_2431942896882358_1726320593768284160_n-100x100.jpg 100w, https:\/\/institucional.ufrrj.br\/agroecologia\/files\/2020\/01\/69528316_2431942896882358_1726320593768284160_n.jpg 960w\" sizes=\"auto, (max-width: 300px) 100vw, 300px\" \/><\/a>\n\t\t\t<\/dt><\/dl><br style=\"clear: both\" \/>\n\t\t<\/div>\n\n","protected":false},"excerpt":{"rendered":"<p>O Programa de Aquisi\u00e7\u00e3o de Alimentos (PAA) \u00e9 uma pol\u00edtica p\u00fablica intersetorial que tem por finalidade garantir o direito \u00e0 <a class=\"read-more\" href=\"https:\/\/institucional.ufrrj.br\/agroecologia\/paa\/ \" >&#8230; <span class=\"font-italic\">leia mais <i class=\"fas fa-angle-right\"><\/i><\/span><\/a><\/p>\n","protected":false},"author":722,"featured_media":0,"parent":0,"menu_order":0,"comment_status":"closed","ping_status":"closed","template":"","meta":{"_acf_changed":false,"footnotes":""},"class_list":["post-13651","page","type-page","status-publish","hentry"],"yoast_head":"<!-- This site is optimized with the Yoast SEO plugin v27.2 - https:\/\/yoast.com\/product\/yoast-seo-wordpress\/ -->\n<title>PAA - Programa de Fortalecimento da Agricultura Familiar<\/title>\n<meta name=\"robots\" content=\"index, follow, max-snippet:-1, max-image-preview:large, max-video-preview:-1\" \/>\n<link rel=\"canonical\" href=\"https:\/\/institucional.ufrrj.br\/agroecologia\/paa\/\" \/>\n<meta property=\"og:locale\" content=\"pt_BR\" \/>\n<meta property=\"og:type\" content=\"article\" \/>\n<meta property=\"og:title\" content=\"PAA - Programa de Fortalecimento da Agricultura Familiar\" \/>\n<meta property=\"og:description\" content=\"O Programa de Aquisi\u00e7\u00e3o de Alimentos (PAA) \u00e9 uma pol\u00edtica p\u00fablica intersetorial que tem por finalidade garantir o direito \u00e0 ... leia mais\" \/>\n<meta property=\"og:url\" content=\"https:\/\/institucional.ufrrj.br\/agroecologia\/paa\/\" \/>\n<meta property=\"og:site_name\" content=\"Programa de Fortalecimento da Agricultura Familiar\" \/>\n<meta property=\"article:modified_time\" content=\"2020-06-12T18:51:37+00:00\" \/>\n<meta property=\"og:image\" content=\"https:\/\/institucional.ufrrj.br\/agroecologia\/files\/2020\/01\/69264358_2431942953549019_8777127241197813760_n-300x300.jpg\" \/>\n<meta name=\"twitter:card\" content=\"summary_large_image\" \/>\n<meta name=\"twitter:label1\" content=\"Est. tempo de leitura\" \/>\n\t<meta name=\"twitter:data1\" content=\"3 minutos\" \/>\n<script type=\"application\/ld+json\" class=\"yoast-schema-graph\">{\"@context\":\"https:\/\/schema.org\",\"@graph\":[{\"@type\":\"WebPage\",\"@id\":\"https:\/\/institucional.ufrrj.br\/agroecologia\/paa\/\",\"url\":\"https:\/\/institucional.ufrrj.br\/agroecologia\/paa\/\",\"name\":\"PAA - Programa de Fortalecimento da Agricultura Familiar\",\"isPartOf\":{\"@id\":\"https:\/\/institucional.ufrrj.br\/agroecologia\/#website\"},\"primaryImageOfPage\":{\"@id\":\"https:\/\/institucional.ufrrj.br\/agroecologia\/paa\/#primaryimage\"},\"image\":{\"@id\":\"https:\/\/institucional.ufrrj.br\/agroecologia\/paa\/#primaryimage\"},\"thumbnailUrl\":\"http:\/\/institucional.ufrrj.br\/agroecologia\/files\/2019\/11\/certpo-1024x338.png\",\"datePublished\":\"2019-04-11T02:20:03+00:00\",\"dateModified\":\"2020-06-12T18:51:37+00:00\",\"breadcrumb\":{\"@id\":\"https:\/\/institucional.ufrrj.br\/agroecologia\/paa\/#breadcrumb\"},\"inLanguage\":\"pt-BR\",\"potentialAction\":[{\"@type\":\"ReadAction\",\"target\":[\"https:\/\/institucional.ufrrj.br\/agroecologia\/paa\/\"]}]},{\"@type\":\"ImageObject\",\"inLanguage\":\"pt-BR\",\"@id\":\"https:\/\/institucional.ufrrj.br\/agroecologia\/paa\/#primaryimage\",\"url\":\"http:\/\/institucional.ufrrj.br\/agroecologia\/files\/2019\/11\/certpo-1024x338.png\",\"contentUrl\":\"http:\/\/institucional.ufrrj.br\/agroecologia\/files\/2019\/11\/certpo-1024x338.png\"},{\"@type\":\"BreadcrumbList\",\"@id\":\"https:\/\/institucional.ufrrj.br\/agroecologia\/paa\/#breadcrumb\",\"itemListElement\":[{\"@type\":\"ListItem\",\"position\":1,\"name\":\"In\u00edcio\",\"item\":\"https:\/\/institucional.ufrrj.br\/agroecologia\/\"},{\"@type\":\"ListItem\",\"position\":2,\"name\":\"PAA\"}]},{\"@type\":\"WebSite\",\"@id\":\"https:\/\/institucional.ufrrj.br\/agroecologia\/#website\",\"url\":\"https:\/\/institucional.ufrrj.br\/agroecologia\/\",\"name\":\"Programa de Fortalecimento da Agricultura Familiar\",\"description\":\"\",\"potentialAction\":[{\"@type\":\"SearchAction\",\"target\":{\"@type\":\"EntryPoint\",\"urlTemplate\":\"https:\/\/institucional.ufrrj.br\/agroecologia\/?s={search_term_string}\"},\"query-input\":{\"@type\":\"PropertyValueSpecification\",\"valueRequired\":true,\"valueName\":\"search_term_string\"}}],\"inLanguage\":\"pt-BR\"}]}<\/script>\n<!-- \/ Yoast SEO plugin. -->","yoast_head_json":{"title":"PAA - Programa de Fortalecimento da Agricultura Familiar","robots":{"index":"index","follow":"follow","max-snippet":"max-snippet:-1","max-image-preview":"max-image-preview:large","max-video-preview":"max-video-preview:-1"},"canonical":"https:\/\/institucional.ufrrj.br\/agroecologia\/paa\/","og_locale":"pt_BR","og_type":"article","og_title":"PAA - Programa de Fortalecimento da Agricultura Familiar","og_description":"O Programa de Aquisi\u00e7\u00e3o de Alimentos (PAA) \u00e9 uma pol\u00edtica p\u00fablica intersetorial que tem por finalidade garantir o direito \u00e0 ... leia mais","og_url":"https:\/\/institucional.ufrrj.br\/agroecologia\/paa\/","og_site_name":"Programa de Fortalecimento da Agricultura Familiar","article_modified_time":"2020-06-12T18:51:37+00:00","og_image":[{"url":"https:\/\/institucional.ufrrj.br\/agroecologia\/files\/2020\/01\/69264358_2431942953549019_8777127241197813760_n-300x300.jpg","type":"","width":"","height":""}],"twitter_card":"summary_large_image","twitter_misc":{"Est. tempo de leitura":"3 minutos"},"schema":{"@context":"https:\/\/schema.org","@graph":[{"@type":"WebPage","@id":"https:\/\/institucional.ufrrj.br\/agroecologia\/paa\/","url":"https:\/\/institucional.ufrrj.br\/agroecologia\/paa\/","name":"PAA - Programa de Fortalecimento da Agricultura Familiar","isPartOf":{"@id":"https:\/\/institucional.ufrrj.br\/agroecologia\/#website"},"primaryImageOfPage":{"@id":"https:\/\/institucional.ufrrj.br\/agroecologia\/paa\/#primaryimage"},"image":{"@id":"https:\/\/institucional.ufrrj.br\/agroecologia\/paa\/#primaryimage"},"thumbnailUrl":"http:\/\/institucional.ufrrj.br\/agroecologia\/files\/2019\/11\/certpo-1024x338.png","datePublished":"2019-04-11T02:20:03+00:00","dateModified":"2020-06-12T18:51:37+00:00","breadcrumb":{"@id":"https:\/\/institucional.ufrrj.br\/agroecologia\/paa\/#breadcrumb"},"inLanguage":"pt-BR","potentialAction":[{"@type":"ReadAction","target":["https:\/\/institucional.ufrrj.br\/agroecologia\/paa\/"]}]},{"@type":"ImageObject","inLanguage":"pt-BR","@id":"https:\/\/institucional.ufrrj.br\/agroecologia\/paa\/#primaryimage","url":"http:\/\/institucional.ufrrj.br\/agroecologia\/files\/2019\/11\/certpo-1024x338.png","contentUrl":"http:\/\/institucional.ufrrj.br\/agroecologia\/files\/2019\/11\/certpo-1024x338.png"},{"@type":"BreadcrumbList","@id":"https:\/\/institucional.ufrrj.br\/agroecologia\/paa\/#breadcrumb","itemListElement":[{"@type":"ListItem","position":1,"name":"In\u00edcio","item":"https:\/\/institucional.ufrrj.br\/agroecologia\/"},{"@type":"ListItem","position":2,"name":"PAA"}]},{"@type":"WebSite","@id":"https:\/\/institucional.ufrrj.br\/agroecologia\/#website","url":"https:\/\/institucional.ufrrj.br\/agroecologia\/","name":"Programa de Fortalecimento da Agricultura Familiar","description":"","potentialAction":[{"@type":"SearchAction","target":{"@type":"EntryPoint","urlTemplate":"https:\/\/institucional.ufrrj.br\/agroecologia\/?s={search_term_string}"},"query-input":{"@type":"PropertyValueSpecification","valueRequired":true,"valueName":"search_term_string"}}],"inLanguage":"pt-BR"}]}},"acf":[],"_links":{"self":[{"href":"https:\/\/institucional.ufrrj.br\/agroecologia\/wp-json\/wp\/v2\/pages\/13651","targetHints":{"allow":["GET"]}}],"collection":[{"href":"https:\/\/institucional.ufrrj.br\/agroecologia\/wp-json\/wp\/v2\/pages"}],"about":[{"href":"https:\/\/institucional.ufrrj.br\/agroecologia\/wp-json\/wp\/v2\/types\/page"}],"author":[{"embeddable":true,"href":"https:\/\/institucional.ufrrj.br\/agroecologia\/wp-json\/wp\/v2\/users\/722"}],"replies":[{"embeddable":true,"href":"https:\/\/institucional.ufrrj.br\/agroecologia\/wp-json\/wp\/v2\/comments?post=13651"}],"version-history":[{"count":33,"href":"https:\/\/institucional.ufrrj.br\/agroecologia\/wp-json\/wp\/v2\/pages\/13651\/revisions"}],"predecessor-version":[{"id":14820,"href":"https:\/\/institucional.ufrrj.br\/agroecologia\/wp-json\/wp\/v2\/pages\/13651\/revisions\/14820"}],"wp:attachment":[{"href":"https:\/\/institucional.ufrrj.br\/agroecologia\/wp-json\/wp\/v2\/media?parent=13651"}],"curies":[{"name":"wp","href":"https:\/\/api.w.org\/{rel}","templated":true}]}}