{"id":80,"date":"2024-08-17T16:11:51","date_gmt":"2024-08-17T19:11:51","guid":{"rendered":"https:\/\/institucional.ufrrj.br\/acordcoopparacambi\/?page_id=80"},"modified":"2025-06-30T08:59:22","modified_gmt":"2025-06-30T11:59:22","slug":"nflora","status":"publish","type":"page","link":"https:\/\/institucional.ufrrj.br\/acordcoopparacambi\/nflora\/","title":{"rendered":"NFlora"},"content":{"rendered":"\n<p>A partir de visitas t\u00e9cnicas (pesquisas e did\u00e1ticas) de professores da UFRRJ, verificou-se a possibilidade de melhorar a qualidade da presta\u00e7\u00e3o da informa\u00e7\u00e3o colaborativa das notifica\u00e7\u00f5es das esp\u00e9cies, proporcionando flexibilidade na elabora\u00e7\u00e3o de formul\u00e1rios para coletas de dados geolocalizado. <\/p>\n\n\n\n<p>Essa proposta tem por objetivo central apoiar o processo de coleta de dados e provimento de informa\u00e7\u00f5es,para a notifica\u00e7\u00e3o de esp\u00e9cies bot\u00e2nica do PNMC. O car\u00e1ter espacial da informa\u00e7\u00e3o atua como um agregador que poder\u00e1 servir de base para estudos conclusivos sobre condi\u00e7\u00f5es ambientais espec\u00edficas ao local, que podem estar influenciando no comportamento e nas condi\u00e7\u00f5es de bem-estar da flora local. <\/p>\n\n\n\n<p>A utiliza\u00e7\u00e3o das geotecnologias gera senso cr\u00edtico na pr\u00f3pria comunidade, que se torna capaz de elaborar reflex\u00f5es acerca dos dados apresentados e,consequentemente, passa a elencar objetivos voltados \u00e0 gest\u00e3o do seu pr\u00f3prio territ\u00f3rio.<\/p>\n","protected":false},"excerpt":{"rendered":"<p>A partir de visitas t\u00e9cnicas (pesquisas e did\u00e1ticas) de professores da UFRRJ, verificou-se a possibilidade de melhorar a qualidade da presta\u00e7\u00e3o da [&hellip;]<\/p>\n","protected":false},"author":860,"featured_media":0,"parent":0,"menu_order":0,"comment_status":"closed","ping_status":"closed","template":"","meta":{"_acf_changed":false,"footnotes":""},"class_list":["post-80","page","type-page","status-publish","hentry"],"yoast_head":"<!-- This site is optimized with the Yoast SEO plugin v27.2 - https:\/\/yoast.com\/product\/yoast-seo-wordpress\/ -->\n<title>NFlora - AC UFRRJ\/Paracambi<\/title>\n<meta name=\"robots\" content=\"index, follow, max-snippet:-1, max-image-preview:large, max-video-preview:-1\" \/>\n<link rel=\"canonical\" href=\"https:\/\/institucional.ufrrj.br\/acordcoopparacambi\/nflora\/\" \/>\n<meta property=\"og:locale\" content=\"pt_BR\" \/>\n<meta property=\"og:type\" content=\"article\" \/>\n<meta property=\"og:title\" content=\"NFlora - AC UFRRJ\/Paracambi\" \/>\n<meta property=\"og:description\" content=\"A partir de visitas t\u00e9cnicas (pesquisas e did\u00e1ticas) de professores da UFRRJ, verificou-se a possibilidade de melhorar a qualidade da presta\u00e7\u00e3o da [&hellip;]\" \/>\n<meta property=\"og:url\" content=\"https:\/\/institucional.ufrrj.br\/acordcoopparacambi\/nflora\/\" \/>\n<meta property=\"og:site_name\" content=\"AC UFRRJ\/Paracambi\" \/>\n<meta property=\"article:modified_time\" content=\"2025-06-30T11:59:22+00:00\" \/>\n<meta name=\"twitter:card\" content=\"summary_large_image\" \/>\n<meta name=\"twitter:label1\" content=\"Est. tempo de leitura\" \/>\n\t<meta name=\"twitter:data1\" content=\"1 minuto\" \/>\n<script type=\"application\/ld+json\" class=\"yoast-schema-graph\">{\"@context\":\"https:\/\/schema.org\",\"@graph\":[{\"@type\":\"WebPage\",\"@id\":\"https:\/\/institucional.ufrrj.br\/acordcoopparacambi\/nflora\/\",\"url\":\"https:\/\/institucional.ufrrj.br\/acordcoopparacambi\/nflora\/\",\"name\":\"NFlora - AC UFRRJ\/Paracambi\",\"isPartOf\":{\"@id\":\"https:\/\/institucional.ufrrj.br\/acordcoopparacambi\/#website\"},\"datePublished\":\"2024-08-17T19:11:51+00:00\",\"dateModified\":\"2025-06-30T11:59:22+00:00\",\"breadcrumb\":{\"@id\":\"https:\/\/institucional.ufrrj.br\/acordcoopparacambi\/nflora\/#breadcrumb\"},\"inLanguage\":\"pt-BR\",\"potentialAction\":[{\"@type\":\"ReadAction\",\"target\":[\"https:\/\/institucional.ufrrj.br\/acordcoopparacambi\/nflora\/\"]}]},{\"@type\":\"BreadcrumbList\",\"@id\":\"https:\/\/institucional.ufrrj.br\/acordcoopparacambi\/nflora\/#breadcrumb\",\"itemListElement\":[{\"@type\":\"ListItem\",\"position\":1,\"name\":\"In\u00edcio\",\"item\":\"https:\/\/institucional.ufrrj.br\/acordcoopparacambi\/\"},{\"@type\":\"ListItem\",\"position\":2,\"name\":\"NFlora\"}]},{\"@type\":\"WebSite\",\"@id\":\"https:\/\/institucional.ufrrj.br\/acordcoopparacambi\/#website\",\"url\":\"https:\/\/institucional.ufrrj.br\/acordcoopparacambi\/\",\"name\":\"AC UFRRJ\/Paracambi\",\"description\":\"Acordo de Coopera\u00e7\u00e3o T\u00e9cnico Cient\u00edfico entre UFRRJ e Paracambi-RJ\",\"potentialAction\":[{\"@type\":\"SearchAction\",\"target\":{\"@type\":\"EntryPoint\",\"urlTemplate\":\"https:\/\/institucional.ufrrj.br\/acordcoopparacambi\/?s={search_term_string}\"},\"query-input\":{\"@type\":\"PropertyValueSpecification\",\"valueRequired\":true,\"valueName\":\"search_term_string\"}}],\"inLanguage\":\"pt-BR\"}]}<\/script>\n<!-- \/ Yoast SEO plugin. -->","yoast_head_json":{"title":"NFlora - AC UFRRJ\/Paracambi","robots":{"index":"index","follow":"follow","max-snippet":"max-snippet:-1","max-image-preview":"max-image-preview:large","max-video-preview":"max-video-preview:-1"},"canonical":"https:\/\/institucional.ufrrj.br\/acordcoopparacambi\/nflora\/","og_locale":"pt_BR","og_type":"article","og_title":"NFlora - AC UFRRJ\/Paracambi","og_description":"A partir de visitas t\u00e9cnicas (pesquisas e did\u00e1ticas) de professores da UFRRJ, verificou-se a possibilidade de melhorar a qualidade da presta\u00e7\u00e3o da [&hellip;]","og_url":"https:\/\/institucional.ufrrj.br\/acordcoopparacambi\/nflora\/","og_site_name":"AC UFRRJ\/Paracambi","article_modified_time":"2025-06-30T11:59:22+00:00","twitter_card":"summary_large_image","twitter_misc":{"Est. tempo de leitura":"1 minuto"},"schema":{"@context":"https:\/\/schema.org","@graph":[{"@type":"WebPage","@id":"https:\/\/institucional.ufrrj.br\/acordcoopparacambi\/nflora\/","url":"https:\/\/institucional.ufrrj.br\/acordcoopparacambi\/nflora\/","name":"NFlora - AC UFRRJ\/Paracambi","isPartOf":{"@id":"https:\/\/institucional.ufrrj.br\/acordcoopparacambi\/#website"},"datePublished":"2024-08-17T19:11:51+00:00","dateModified":"2025-06-30T11:59:22+00:00","breadcrumb":{"@id":"https:\/\/institucional.ufrrj.br\/acordcoopparacambi\/nflora\/#breadcrumb"},"inLanguage":"pt-BR","potentialAction":[{"@type":"ReadAction","target":["https:\/\/institucional.ufrrj.br\/acordcoopparacambi\/nflora\/"]}]},{"@type":"BreadcrumbList","@id":"https:\/\/institucional.ufrrj.br\/acordcoopparacambi\/nflora\/#breadcrumb","itemListElement":[{"@type":"ListItem","position":1,"name":"In\u00edcio","item":"https:\/\/institucional.ufrrj.br\/acordcoopparacambi\/"},{"@type":"ListItem","position":2,"name":"NFlora"}]},{"@type":"WebSite","@id":"https:\/\/institucional.ufrrj.br\/acordcoopparacambi\/#website","url":"https:\/\/institucional.ufrrj.br\/acordcoopparacambi\/","name":"AC UFRRJ\/Paracambi","description":"Acordo de Coopera\u00e7\u00e3o T\u00e9cnico Cient\u00edfico entre UFRRJ e Paracambi-RJ","potentialAction":[{"@type":"SearchAction","target":{"@type":"EntryPoint","urlTemplate":"https:\/\/institucional.ufrrj.br\/acordcoopparacambi\/?s={search_term_string}"},"query-input":{"@type":"PropertyValueSpecification","valueRequired":true,"valueName":"search_term_string"}}],"inLanguage":"pt-BR"}]}},"acf":[],"_links":{"self":[{"href":"https:\/\/institucional.ufrrj.br\/acordcoopparacambi\/wp-json\/wp\/v2\/pages\/80","targetHints":{"allow":["GET"]}}],"collection":[{"href":"https:\/\/institucional.ufrrj.br\/acordcoopparacambi\/wp-json\/wp\/v2\/pages"}],"about":[{"href":"https:\/\/institucional.ufrrj.br\/acordcoopparacambi\/wp-json\/wp\/v2\/types\/page"}],"author":[{"embeddable":true,"href":"https:\/\/institucional.ufrrj.br\/acordcoopparacambi\/wp-json\/wp\/v2\/users\/860"}],"replies":[{"embeddable":true,"href":"https:\/\/institucional.ufrrj.br\/acordcoopparacambi\/wp-json\/wp\/v2\/comments?post=80"}],"version-history":[{"count":4,"href":"https:\/\/institucional.ufrrj.br\/acordcoopparacambi\/wp-json\/wp\/v2\/pages\/80\/revisions"}],"predecessor-version":[{"id":435,"href":"https:\/\/institucional.ufrrj.br\/acordcoopparacambi\/wp-json\/wp\/v2\/pages\/80\/revisions\/435"}],"wp:attachment":[{"href":"https:\/\/institucional.ufrrj.br\/acordcoopparacambi\/wp-json\/wp\/v2\/media?parent=80"}],"curies":[{"name":"wp","href":"https:\/\/api.w.org\/{rel}","templated":true}]}}