{"id":69,"date":"2012-05-09T14:09:57","date_gmt":"2012-05-09T14:09:57","guid":{"rendered":"http:\/\/r1.ufrrj.br\/wp\/acessoainformacao\/"},"modified":"2022-06-21T11:00:59","modified_gmt":"2022-06-21T14:00:59","slug":"licitacoes-e-contratos","status":"publish","type":"page","link":"https:\/\/institucional.ufrrj.br\/acessoainformacao\/licitacoes-e-contratos\/","title":{"rendered":"Licita\u00e7\u00f5es e Contratos"},"content":{"rendered":"\n<p>Nesta se\u00e7\u00e3o, s\u00e3o divulgadas as licita\u00e7\u00f5es e contratos realizados pela UFRRJ.<\/p>\n\n\n\n<p>Acesse os links abaixo para obter as informa\u00e7\u00f5es desejadas<\/p>\n\n\n\n<div class=\"wp-block-buttons is-content-justification-center is-layout-flex wp-container-core-buttons-is-layout-16018d1d wp-block-buttons-is-layout-flex\">\n<div class=\"wp-block-button\"><a class=\"wp-block-button__link has-branco-color has-text-color\" href=\"https:\/\/www.portaltransparencia.gov.br\/licitacoes\/consulta?paginacaoSimples=true&amp;tamanhoPagina=&amp;offset=&amp;direcaoOrdenacao=asc&amp;de=01%2F01%2F2022&amp;ate=09%2F04%2F2022&amp;orgaos=UG153166&amp;colunasSelecionadas=detalhar%2CdataResultadoCompra%2CdataAbertura%2CorgaoSuperior%2CorgaoEntidadeVinculada%2CunidadeGestora%2Csituacao%2Cmodalidade%2CinstrumentoLegal%2CnumeroLicitacao%2Cobjeto&amp;ordenarPor=dataResultadoCompra&amp;direcao=desc&amp;ordenarPor=dataResultadoCompra&amp;direcao=desc\" target=\"_blank\" rel=\"noreferrer noopener\">Acessar CGU Licita\u00e7\u00f5es<\/a><\/div>\n\n\n\n<div class=\"wp-block-button\"><a class=\"wp-block-button__link has-branco-color has-text-color\" href=\"https:\/\/transparencia.gov.br\/contratos\/consulta?paginacaoSimples=true&amp;tamanhoPagina=&amp;offset=&amp;direcaoOrdenacao=asc&amp;assinaturaDe=01%2F01%2F2022&amp;assinaturaAte=20%2F06%2F2022&amp;orgaos=UG153166&amp;colunasSelecionadas=linkDetalhamento%2CdataAssinatura%2CdataPublicacaoDOU%2CdataInicioVigencia%2CdataFimVigencia%2CorgaoSuperior%2CorgaoEntidadeVinculada%2CunidadeGestora%2CformaContratacao%2CgrupoObjetoContratacao%2CnumeroContrato%2CnomeFornecedor%2CcpfCnpjFornecedor%2Csituacao%2CvalorContratado&amp;ordenarPor=dataFimVigencia&amp;direcao=desc\" target=\"_blank\" rel=\"noreferrer noopener\">Acessar CGU Contratos<\/a><\/div>\n<\/div>\n\n\n\n<div style=\"height:50px\" aria-hidden=\"true\" class=\"wp-block-spacer\"><\/div>\n\n\n\n<h2 class=\"wp-block-heading\">Site UFRRJ<\/h2>\n\n\n\n<div class=\"wp-block-buttons is-content-justification-center is-layout-flex wp-container-core-buttons-is-layout-16018d1d wp-block-buttons-is-layout-flex\">\n<div class=\"wp-block-button\"><a class=\"wp-block-button__link has-branco-color has-text-color\" href=\"http:\/\/institucional.ufrrj.br\/dmsa\">Acessar UFRRJ Licita\u00e7\u00f5es<\/a><\/div>\n\n\n\n<div class=\"wp-block-button\"><a class=\"wp-block-button__link has-branco-color has-text-color\" href=\"http:\/\/institucional.ufrrj.br\/dmsa\" style=\"border-radius:100px\">Acessar UFRRJ Contratos<\/a><\/div>\n<\/div>\n\n\n\n<div style=\"height:50px\" aria-hidden=\"true\" class=\"wp-block-spacer\"><\/div>\n\n\n\n<h2 class=\"wp-block-heading\">Como acessar<\/h2>\n\n\n\n<p><strong>&#8211;<\/strong> <strong>Alternativamente o cidad\u00e3o para encontrar as informa\u00e7\u00f5es sobre Licita\u00e7\u00f5es da UFRRJ no Portal da Transpar\u00eancia, basta seguir o passo a seguir:<\/strong><\/p>\n\n\n\n<p>1 &#8211; Acessar o Portal da Transpar\u00eancia: <a href=\"http:\/\/transparencia.gov.br\" target=\"_blank\" rel=\"noopener noreferrer\">http:\/\/transparencia.gov.br<\/a>;<br>2 &#8211; No menu superior, localizar \u201cConsultas Detalhadas\u201d -&amp;gt; \u201cLicita\u00e7\u00f5es\u201d;<br>3 \u2013 Utilizar a barra lateral esquerda de filtros para escolher um filtro. Algumas op\u00e7\u00f5es de filtro s\u00e3o: data de resultado da compra, data de abertura, situa\u00e7\u00e3o, modalidade, instrumento legal de contrata\u00e7\u00e3o e \u00f3rg\u00e3o.<br>Para acessar os dados da Universidade Federal Rural do Rio de Janeiro, colocar, no<br>filtro \u201c\u00f3rg\u00e3o\u201d, a sigla UFRRJ;<br>4 &#8211; Clicar em Consultar.<\/p>\n\n\n\n<hr class=\"wp-block-separator has-alpha-channel-opacity\"\/>\n\n\n\n<p><strong>&#8211; Alternativamente o cidad\u00e3o para encontrar as informa\u00e7\u00f5es sobre Contratos da UFRRJ no Portal da Transpar\u00eancia, basta seguir o passo a seguir<\/strong>:<\/p>\n\n\n\n<p>1 &#8211; Acessar o Portal da Transpar\u00eancia: <a href=\"http:\/\/transparencia.gov.br\" target=\"_blank\" rel=\"noopener noreferrer\">http:\/\/transparencia.gov.br<\/a>;<br>2 &#8211; No menu superior, localizar \u201cConsultas Detalhadas\u201d -&amp;gt; \u201cContratos\u201d;<br>3 \u2013 Utilizar a barra lateral esquerda de filtros para escolher um filtro. Algumas op\u00e7\u00f5es de filtro s\u00e3o:&nbsp; per\u00edodo de vig\u00eancia, per\u00edodo de assinatura do contrato, \u00f3rg\u00e3o, forma de contrata\u00e7\u00e3o, grupo de objeto de contrata\u00e7\u00e3o, fornecedor, munic\u00edpio do fornecedor, n\u00famero do contrato, situa\u00e7\u00e3o e valor contratado.<br>Para acessar os dados da Universidade Federal Rural do Rio de Janeiro, colocar, no<br>filtro \u201c\u00f3rg\u00e3o\u201d, a sigla UFRRJ;<br>4 &#8211; Clicar em Consultar.<\/p>\n","protected":false},"excerpt":{"rendered":"<p>Nesta se\u00e7\u00e3o, s\u00e3o divulgadas as licita\u00e7\u00f5es e contratos realizados pela UFRRJ. Acesse os links abaixo para obter as informa\u00e7\u00f5es desejadas <a class=\"read-more\" href=\"https:\/\/institucional.ufrrj.br\/acessoainformacao\/licitacoes-e-contratos\/ \" >&#8230; <span class=\"font-italic\">leia mais <i class=\"fas fa-angle-right\"><\/i><\/span><\/a><\/p>\n","protected":false},"author":634,"featured_media":0,"parent":0,"menu_order":0,"comment_status":"open","ping_status":"open","template":"","meta":{"footnotes":""},"class_list":["post-69","page","type-page","status-publish","hentry"],"yoast_head":"<!-- This site is optimized with the Yoast SEO plugin v27.2 - https:\/\/yoast.com\/product\/yoast-seo-wordpress\/ -->\n<title>Licita\u00e7\u00f5es e Contratos - Acesso \u00e0 Informa\u00e7\u00e3o<\/title>\n<meta name=\"robots\" content=\"index, follow, max-snippet:-1, max-image-preview:large, max-video-preview:-1\" \/>\n<link rel=\"canonical\" href=\"https:\/\/institucional.ufrrj.br\/acessoainformacao\/licitacoes-e-contratos\/\" \/>\n<meta property=\"og:locale\" content=\"pt_BR\" \/>\n<meta property=\"og:type\" content=\"article\" \/>\n<meta property=\"og:title\" content=\"Licita\u00e7\u00f5es e Contratos - Acesso \u00e0 Informa\u00e7\u00e3o\" \/>\n<meta property=\"og:description\" content=\"Nesta se\u00e7\u00e3o, s\u00e3o divulgadas as licita\u00e7\u00f5es e contratos realizados pela UFRRJ. Acesse os links abaixo para obter as informa\u00e7\u00f5es desejadas ... leia mais\" \/>\n<meta property=\"og:url\" content=\"https:\/\/institucional.ufrrj.br\/acessoainformacao\/licitacoes-e-contratos\/\" \/>\n<meta property=\"og:site_name\" content=\"Acesso \u00e0 Informa\u00e7\u00e3o\" \/>\n<meta property=\"article:modified_time\" content=\"2022-06-21T14:00:59+00:00\" \/>\n<meta name=\"twitter:card\" content=\"summary_large_image\" \/>\n<meta name=\"twitter:label1\" content=\"Est. tempo de leitura\" \/>\n\t<meta name=\"twitter:data1\" content=\"1 minuto\" \/>\n<script type=\"application\/ld+json\" class=\"yoast-schema-graph\">{\"@context\":\"https:\/\/schema.org\",\"@graph\":[{\"@type\":\"WebPage\",\"@id\":\"https:\/\/institucional.ufrrj.br\/acessoainformacao\/licitacoes-e-contratos\/\",\"url\":\"https:\/\/institucional.ufrrj.br\/acessoainformacao\/licitacoes-e-contratos\/\",\"name\":\"Licita\u00e7\u00f5es e Contratos - Acesso \u00e0 Informa\u00e7\u00e3o\",\"isPartOf\":{\"@id\":\"https:\/\/institucional.ufrrj.br\/acessoainformacao\/#website\"},\"datePublished\":\"2012-05-09T14:09:57+00:00\",\"dateModified\":\"2022-06-21T14:00:59+00:00\",\"breadcrumb\":{\"@id\":\"https:\/\/institucional.ufrrj.br\/acessoainformacao\/licitacoes-e-contratos\/#breadcrumb\"},\"inLanguage\":\"pt-BR\",\"potentialAction\":[{\"@type\":\"ReadAction\",\"target\":[\"https:\/\/institucional.ufrrj.br\/acessoainformacao\/licitacoes-e-contratos\/\"]}]},{\"@type\":\"BreadcrumbList\",\"@id\":\"https:\/\/institucional.ufrrj.br\/acessoainformacao\/licitacoes-e-contratos\/#breadcrumb\",\"itemListElement\":[{\"@type\":\"ListItem\",\"position\":1,\"name\":\"In\u00edcio\",\"item\":\"https:\/\/institucional.ufrrj.br\/acessoainformacao\/\"},{\"@type\":\"ListItem\",\"position\":2,\"name\":\"Licita\u00e7\u00f5es e Contratos\"}]},{\"@type\":\"WebSite\",\"@id\":\"https:\/\/institucional.ufrrj.br\/acessoainformacao\/#website\",\"url\":\"https:\/\/institucional.ufrrj.br\/acessoainformacao\/\",\"name\":\"Acesso \u00e0 Informa\u00e7\u00e3o\",\"description\":\"UFRRJ\",\"potentialAction\":[{\"@type\":\"SearchAction\",\"target\":{\"@type\":\"EntryPoint\",\"urlTemplate\":\"https:\/\/institucional.ufrrj.br\/acessoainformacao\/?s={search_term_string}\"},\"query-input\":{\"@type\":\"PropertyValueSpecification\",\"valueRequired\":true,\"valueName\":\"search_term_string\"}}],\"inLanguage\":\"pt-BR\"}]}<\/script>\n<!-- \/ Yoast SEO plugin. -->","yoast_head_json":{"title":"Licita\u00e7\u00f5es e Contratos - Acesso \u00e0 Informa\u00e7\u00e3o","robots":{"index":"index","follow":"follow","max-snippet":"max-snippet:-1","max-image-preview":"max-image-preview:large","max-video-preview":"max-video-preview:-1"},"canonical":"https:\/\/institucional.ufrrj.br\/acessoainformacao\/licitacoes-e-contratos\/","og_locale":"pt_BR","og_type":"article","og_title":"Licita\u00e7\u00f5es e Contratos - Acesso \u00e0 Informa\u00e7\u00e3o","og_description":"Nesta se\u00e7\u00e3o, s\u00e3o divulgadas as licita\u00e7\u00f5es e contratos realizados pela UFRRJ. Acesse os links abaixo para obter as informa\u00e7\u00f5es desejadas ... leia mais","og_url":"https:\/\/institucional.ufrrj.br\/acessoainformacao\/licitacoes-e-contratos\/","og_site_name":"Acesso \u00e0 Informa\u00e7\u00e3o","article_modified_time":"2022-06-21T14:00:59+00:00","twitter_card":"summary_large_image","twitter_misc":{"Est. tempo de leitura":"1 minuto"},"schema":{"@context":"https:\/\/schema.org","@graph":[{"@type":"WebPage","@id":"https:\/\/institucional.ufrrj.br\/acessoainformacao\/licitacoes-e-contratos\/","url":"https:\/\/institucional.ufrrj.br\/acessoainformacao\/licitacoes-e-contratos\/","name":"Licita\u00e7\u00f5es e Contratos - Acesso \u00e0 Informa\u00e7\u00e3o","isPartOf":{"@id":"https:\/\/institucional.ufrrj.br\/acessoainformacao\/#website"},"datePublished":"2012-05-09T14:09:57+00:00","dateModified":"2022-06-21T14:00:59+00:00","breadcrumb":{"@id":"https:\/\/institucional.ufrrj.br\/acessoainformacao\/licitacoes-e-contratos\/#breadcrumb"},"inLanguage":"pt-BR","potentialAction":[{"@type":"ReadAction","target":["https:\/\/institucional.ufrrj.br\/acessoainformacao\/licitacoes-e-contratos\/"]}]},{"@type":"BreadcrumbList","@id":"https:\/\/institucional.ufrrj.br\/acessoainformacao\/licitacoes-e-contratos\/#breadcrumb","itemListElement":[{"@type":"ListItem","position":1,"name":"In\u00edcio","item":"https:\/\/institucional.ufrrj.br\/acessoainformacao\/"},{"@type":"ListItem","position":2,"name":"Licita\u00e7\u00f5es e Contratos"}]},{"@type":"WebSite","@id":"https:\/\/institucional.ufrrj.br\/acessoainformacao\/#website","url":"https:\/\/institucional.ufrrj.br\/acessoainformacao\/","name":"Acesso \u00e0 Informa\u00e7\u00e3o","description":"UFRRJ","potentialAction":[{"@type":"SearchAction","target":{"@type":"EntryPoint","urlTemplate":"https:\/\/institucional.ufrrj.br\/acessoainformacao\/?s={search_term_string}"},"query-input":{"@type":"PropertyValueSpecification","valueRequired":true,"valueName":"search_term_string"}}],"inLanguage":"pt-BR"}]}},"_links":{"self":[{"href":"https:\/\/institucional.ufrrj.br\/acessoainformacao\/wp-json\/wp\/v2\/pages\/69","targetHints":{"allow":["GET"]}}],"collection":[{"href":"https:\/\/institucional.ufrrj.br\/acessoainformacao\/wp-json\/wp\/v2\/pages"}],"about":[{"href":"https:\/\/institucional.ufrrj.br\/acessoainformacao\/wp-json\/wp\/v2\/types\/page"}],"author":[{"embeddable":true,"href":"https:\/\/institucional.ufrrj.br\/acessoainformacao\/wp-json\/wp\/v2\/users\/634"}],"replies":[{"embeddable":true,"href":"https:\/\/institucional.ufrrj.br\/acessoainformacao\/wp-json\/wp\/v2\/comments?post=69"}],"version-history":[{"count":12,"href":"https:\/\/institucional.ufrrj.br\/acessoainformacao\/wp-json\/wp\/v2\/pages\/69\/revisions"}],"predecessor-version":[{"id":634,"href":"https:\/\/institucional.ufrrj.br\/acessoainformacao\/wp-json\/wp\/v2\/pages\/69\/revisions\/634"}],"wp:attachment":[{"href":"https:\/\/institucional.ufrrj.br\/acessoainformacao\/wp-json\/wp\/v2\/media?parent=69"}],"curies":[{"name":"wp","href":"https:\/\/api.w.org\/{rel}","templated":true}]}}