{"id":449,"date":"2020-07-27T10:26:55","date_gmt":"2020-07-27T13:26:55","guid":{"rendered":"http:\/\/institucional.ufrrj.br\/acessoainformacao\/?page_id=449"},"modified":"2020-07-27T10:26:55","modified_gmt":"2020-07-27T13:26:55","slug":"fundacoes-de-apoio","status":"publish","type":"page","link":"https:\/\/institucional.ufrrj.br\/acessoainformacao\/fundacoes-de-apoio\/","title":{"rendered":"Funda\u00e7\u00f5es de Apoio"},"content":{"rendered":"<p>A Funda\u00e7\u00e3o de Apoio \u00e0 Pesquisa Cient\u00edfica e Tecnol\u00f3gica da Universidade Federal Rural do Rio de Janeiro \u2013 FAPUR foi institu\u00edda pelo Conselho da Universidade Federal Rural do Rio de Janeiro, por decis\u00e3o tomada em 03 de julho de 1996, Delibera\u00e7\u00e3o n\u00ba. 17 e processo n\u00ba. 18.120\/96\/MP da Provedoria de Funda\u00e7\u00f5es da Procuradoria Geral da Justi\u00e7a do Estado do Rio de Janeiro, e formalizada por escritura p\u00fablica, lavrada em notas do 16\u00ba Of\u00edcio da Cidade do Rio de Janeiro, livro n\u00ba 2925, fls. 069\/072, em 01 de Novembro de 1996, \u00e9 pessoa jur\u00eddica de direito privado, sem fins lucrativos, com autonomia patrimonial, administrativa e financeira.<\/p>\n<p>Mais informa\u00e7\u00f5es no site: <a href=\"http:\/\/www.fapur.org.br\/a-fundacao\/\">http:\/\/www.fapur.org.br\/a-fundacao\/<\/a><\/p>\n<p>As informa\u00e7\u00f5es atendem ao artigo 4\u00ba-A e incisos da Lei 8958\/1994 e do decreto 7423\/2010<\/p>\n","protected":false},"excerpt":{"rendered":"<p>A Funda\u00e7\u00e3o de Apoio \u00e0 Pesquisa Cient\u00edfica e Tecnol\u00f3gica da Universidade Federal Rural do Rio de Janeiro \u2013 FAPUR foi <a class=\"read-more\" href=\"https:\/\/institucional.ufrrj.br\/acessoainformacao\/fundacoes-de-apoio\/ \" >&#8230; <span class=\"font-italic\">leia mais <i class=\"fas fa-angle-right\"><\/i><\/span><\/a><\/p>\n","protected":false},"author":634,"featured_media":0,"parent":0,"menu_order":0,"comment_status":"closed","ping_status":"closed","template":"","meta":{"footnotes":""},"class_list":["post-449","page","type-page","status-publish","hentry"],"yoast_head":"<!-- This site is optimized with the Yoast SEO plugin v27.2 - https:\/\/yoast.com\/product\/yoast-seo-wordpress\/ -->\n<title>Funda\u00e7\u00f5es de Apoio - Acesso \u00e0 Informa\u00e7\u00e3o<\/title>\n<meta name=\"robots\" content=\"index, follow, max-snippet:-1, max-image-preview:large, max-video-preview:-1\" \/>\n<link rel=\"canonical\" href=\"https:\/\/institucional.ufrrj.br\/acessoainformacao\/fundacoes-de-apoio\/\" \/>\n<meta property=\"og:locale\" content=\"pt_BR\" \/>\n<meta property=\"og:type\" content=\"article\" \/>\n<meta property=\"og:title\" content=\"Funda\u00e7\u00f5es de Apoio - Acesso \u00e0 Informa\u00e7\u00e3o\" \/>\n<meta property=\"og:description\" content=\"A Funda\u00e7\u00e3o de Apoio \u00e0 Pesquisa Cient\u00edfica e Tecnol\u00f3gica da Universidade Federal Rural do Rio de Janeiro \u2013 FAPUR foi ... leia mais\" \/>\n<meta property=\"og:url\" content=\"https:\/\/institucional.ufrrj.br\/acessoainformacao\/fundacoes-de-apoio\/\" \/>\n<meta property=\"og:site_name\" content=\"Acesso \u00e0 Informa\u00e7\u00e3o\" \/>\n<meta name=\"twitter:card\" content=\"summary_large_image\" \/>\n<meta name=\"twitter:label1\" content=\"Est. tempo de leitura\" \/>\n\t<meta name=\"twitter:data1\" content=\"1 minuto\" \/>\n<script type=\"application\/ld+json\" class=\"yoast-schema-graph\">{\"@context\":\"https:\/\/schema.org\",\"@graph\":[{\"@type\":\"WebPage\",\"@id\":\"https:\/\/institucional.ufrrj.br\/acessoainformacao\/fundacoes-de-apoio\/\",\"url\":\"https:\/\/institucional.ufrrj.br\/acessoainformacao\/fundacoes-de-apoio\/\",\"name\":\"Funda\u00e7\u00f5es de Apoio - Acesso \u00e0 Informa\u00e7\u00e3o\",\"isPartOf\":{\"@id\":\"https:\/\/institucional.ufrrj.br\/acessoainformacao\/#website\"},\"datePublished\":\"2020-07-27T13:26:55+00:00\",\"breadcrumb\":{\"@id\":\"https:\/\/institucional.ufrrj.br\/acessoainformacao\/fundacoes-de-apoio\/#breadcrumb\"},\"inLanguage\":\"pt-BR\",\"potentialAction\":[{\"@type\":\"ReadAction\",\"target\":[\"https:\/\/institucional.ufrrj.br\/acessoainformacao\/fundacoes-de-apoio\/\"]}]},{\"@type\":\"BreadcrumbList\",\"@id\":\"https:\/\/institucional.ufrrj.br\/acessoainformacao\/fundacoes-de-apoio\/#breadcrumb\",\"itemListElement\":[{\"@type\":\"ListItem\",\"position\":1,\"name\":\"In\u00edcio\",\"item\":\"https:\/\/institucional.ufrrj.br\/acessoainformacao\/\"},{\"@type\":\"ListItem\",\"position\":2,\"name\":\"Funda\u00e7\u00f5es de Apoio\"}]},{\"@type\":\"WebSite\",\"@id\":\"https:\/\/institucional.ufrrj.br\/acessoainformacao\/#website\",\"url\":\"https:\/\/institucional.ufrrj.br\/acessoainformacao\/\",\"name\":\"Acesso \u00e0 Informa\u00e7\u00e3o\",\"description\":\"UFRRJ\",\"potentialAction\":[{\"@type\":\"SearchAction\",\"target\":{\"@type\":\"EntryPoint\",\"urlTemplate\":\"https:\/\/institucional.ufrrj.br\/acessoainformacao\/?s={search_term_string}\"},\"query-input\":{\"@type\":\"PropertyValueSpecification\",\"valueRequired\":true,\"valueName\":\"search_term_string\"}}],\"inLanguage\":\"pt-BR\"}]}<\/script>\n<!-- \/ Yoast SEO plugin. -->","yoast_head_json":{"title":"Funda\u00e7\u00f5es de Apoio - Acesso \u00e0 Informa\u00e7\u00e3o","robots":{"index":"index","follow":"follow","max-snippet":"max-snippet:-1","max-image-preview":"max-image-preview:large","max-video-preview":"max-video-preview:-1"},"canonical":"https:\/\/institucional.ufrrj.br\/acessoainformacao\/fundacoes-de-apoio\/","og_locale":"pt_BR","og_type":"article","og_title":"Funda\u00e7\u00f5es de Apoio - Acesso \u00e0 Informa\u00e7\u00e3o","og_description":"A Funda\u00e7\u00e3o de Apoio \u00e0 Pesquisa Cient\u00edfica e Tecnol\u00f3gica da Universidade Federal Rural do Rio de Janeiro \u2013 FAPUR foi ... leia mais","og_url":"https:\/\/institucional.ufrrj.br\/acessoainformacao\/fundacoes-de-apoio\/","og_site_name":"Acesso \u00e0 Informa\u00e7\u00e3o","twitter_card":"summary_large_image","twitter_misc":{"Est. tempo de leitura":"1 minuto"},"schema":{"@context":"https:\/\/schema.org","@graph":[{"@type":"WebPage","@id":"https:\/\/institucional.ufrrj.br\/acessoainformacao\/fundacoes-de-apoio\/","url":"https:\/\/institucional.ufrrj.br\/acessoainformacao\/fundacoes-de-apoio\/","name":"Funda\u00e7\u00f5es de Apoio - Acesso \u00e0 Informa\u00e7\u00e3o","isPartOf":{"@id":"https:\/\/institucional.ufrrj.br\/acessoainformacao\/#website"},"datePublished":"2020-07-27T13:26:55+00:00","breadcrumb":{"@id":"https:\/\/institucional.ufrrj.br\/acessoainformacao\/fundacoes-de-apoio\/#breadcrumb"},"inLanguage":"pt-BR","potentialAction":[{"@type":"ReadAction","target":["https:\/\/institucional.ufrrj.br\/acessoainformacao\/fundacoes-de-apoio\/"]}]},{"@type":"BreadcrumbList","@id":"https:\/\/institucional.ufrrj.br\/acessoainformacao\/fundacoes-de-apoio\/#breadcrumb","itemListElement":[{"@type":"ListItem","position":1,"name":"In\u00edcio","item":"https:\/\/institucional.ufrrj.br\/acessoainformacao\/"},{"@type":"ListItem","position":2,"name":"Funda\u00e7\u00f5es de Apoio"}]},{"@type":"WebSite","@id":"https:\/\/institucional.ufrrj.br\/acessoainformacao\/#website","url":"https:\/\/institucional.ufrrj.br\/acessoainformacao\/","name":"Acesso \u00e0 Informa\u00e7\u00e3o","description":"UFRRJ","potentialAction":[{"@type":"SearchAction","target":{"@type":"EntryPoint","urlTemplate":"https:\/\/institucional.ufrrj.br\/acessoainformacao\/?s={search_term_string}"},"query-input":{"@type":"PropertyValueSpecification","valueRequired":true,"valueName":"search_term_string"}}],"inLanguage":"pt-BR"}]}},"_links":{"self":[{"href":"https:\/\/institucional.ufrrj.br\/acessoainformacao\/wp-json\/wp\/v2\/pages\/449","targetHints":{"allow":["GET"]}}],"collection":[{"href":"https:\/\/institucional.ufrrj.br\/acessoainformacao\/wp-json\/wp\/v2\/pages"}],"about":[{"href":"https:\/\/institucional.ufrrj.br\/acessoainformacao\/wp-json\/wp\/v2\/types\/page"}],"author":[{"embeddable":true,"href":"https:\/\/institucional.ufrrj.br\/acessoainformacao\/wp-json\/wp\/v2\/users\/634"}],"replies":[{"embeddable":true,"href":"https:\/\/institucional.ufrrj.br\/acessoainformacao\/wp-json\/wp\/v2\/comments?post=449"}],"version-history":[{"count":1,"href":"https:\/\/institucional.ufrrj.br\/acessoainformacao\/wp-json\/wp\/v2\/pages\/449\/revisions"}],"predecessor-version":[{"id":450,"href":"https:\/\/institucional.ufrrj.br\/acessoainformacao\/wp-json\/wp\/v2\/pages\/449\/revisions\/450"}],"wp:attachment":[{"href":"https:\/\/institucional.ufrrj.br\/acessoainformacao\/wp-json\/wp\/v2\/media?parent=449"}],"curies":[{"name":"wp","href":"https:\/\/api.w.org\/{rel}","templated":true}]}}