{"id":18,"date":"2012-05-07T16:59:57","date_gmt":"2012-05-07T16:59:57","guid":{"rendered":"http:\/\/r1.ufrrj.br\/wp\/acessoainformacao\/"},"modified":"2022-07-05T11:35:34","modified_gmt":"2022-07-05T14:35:34","slug":"institucional","status":"publish","type":"page","link":"https:\/\/institucional.ufrrj.br\/acessoainformacao\/institucional\/","title":{"rendered":"Institucional"},"content":{"rendered":"\n<p>Nesta se\u00e7\u00e3o s\u00e3o divulgadas informa\u00e7\u00f5es institucionais e organizacionais da Universidade Federal Rural do Rio de Janeiro, compreendendo suas fun\u00e7\u00f5es, compet\u00eancias, estrutura organizacional, rela\u00e7\u00e3o de autoridades (quem \u00e9 quem), agenda de autoridades, hor\u00e1rios de atendimento e legisla\u00e7\u00e3o do \u00f3rg\u00e3o\/entidade.<\/p>\n\n\n\n<p><strong>Acesse todas as informa\u00e7\u00f5es nos links abaixo<\/strong><\/p>\n\n\n\n<p>Hor\u00e1rio de atendimento na Reitoria e unidades acad\u00eamicas: de segunda a sexta, das 08:00 \u00e0s 17:00<br>H\u00e1 excepcionalidade no hor\u00e1rio de funcionamento para os setores que realizam atendimento ao p\u00fablico devido \u00e0 exist\u00eancia de aulas no hor\u00e1rio noturno, em locais como bibliotecas, e coordena\u00e7\u00f5es de curso. Tamb\u00e9m h\u00e1 hor\u00e1rio diferenciado de funcionamento das unidades que trabalham em tempo integral, como o Posto de sa\u00fade e Divis\u00e3o de Guarda e Vigil\u00e2ncia.<\/p>\n\n\n\n<p>&#8211; <a href=\"https:\/\/institucional.ufrrj.br\/acessoainformacao\/sobre-a-ufrrj\/\">Sobre a UFRRJ <\/a><\/p>\n\n\n\n<p>&#8211; <a href=\"https:\/\/institucional.ufrrj.br\/acessoainformacao\/agenda-da-reitoria\/\">Agenda da Reitoria<\/a><\/p>\n\n\n\n<p>&#8211; <a href=\"https:\/\/institucional.ufrrj.br\/acessoainformacao\/agenda-da-vice-reitoria\/\">Agenda da Vice-Reitoria<\/a><\/p>\n\n\n\n<p>&#8211; <a href=\"https:\/\/institucional.ufrrj.br\/acessoainformacao\/agenda-da-propladi\/\">Agenda da Pr\u00f3-Reitoria de Planejamento, Avalia\u00e7\u00e3o e Desenvolvimento Institucional &#8211; PROPLADI<\/a><\/p>\n\n\n\n<p>&#8211; <a href=\"https:\/\/portal.ufrrj.br\/pro-reitoria-de-gestao-de-pessoas\/agenda-da-progep\/\">Agenda da Pr\u00f3 Reitoria de Gest\u00e3o de Pessoas &#8211; PROGEP<\/a><\/p>\n\n\n\n<p>&#8211; <a href=\"https:\/\/portal.ufrrj.br\/pro-reitoria-de-assuntos-financeiros\/agenda-da-proaf\/\">Agenda da Pr\u00f3 Reitorias de Assuntos Financeiros &#8211; PROAF<\/a><\/p>\n\n\n\n<p>&#8211; <a href=\"https:\/\/portal.ufrrj.br\/pro-reitoria-de-assuntos-estudantis\/agenda-proaes\/\">Agenda da Pr\u00f3-Reitoria de Assuntos Estudantis &#8211; PROAES<\/a><\/p>\n\n\n\n<p>&#8211; <a href=\"https:\/\/portal.ufrrj.br\/pro-reitoria-de-graduacao\/agenda-da-prograd\/\">Agenda da Pr\u00f3-Reitoria de Gradua\u00e7\u00e3o &#8211; PROGRAD<\/a><\/p>\n\n\n\n<p>&#8211; <a href=\"http:\/\/www.ni.ufrrj.br\/calendario-de-reunioes-diretoria-academica\/\">Agenda da Dire\u00e7\u00e3o Acad\u00eamica do Instituto Multidisciplinar &#8211; IM<\/a><\/p>\n\n\n\n<p>&#8211; <a href=\"https:\/\/institutos.ufrrj.br\/iv\/apresentacao\/\">Agenda da Dire\u00e7\u00e3o do Instituto de Veterin\u00e1ria &#8211; IV<\/a><\/p>\n\n\n\n<p>&#8211;<a href=\"https:\/\/institutos.ufrrj.br\/icsa\/agenda-do-diretor\/\"> Agenda da Dire\u00e7\u00e3o do Instituto de Ci\u00eancias Sociais Aplicadas &#8211; ICSA<\/a><\/p>\n\n\n\n<p>&#8211; <a rel=\"noreferrer noopener\" href=\"https:\/\/calendar.google.com\/calendar\/u\/0\/embed?src=1l98cuf726vofgeb68n3v0jcdg@group.calendar.google.com&amp;ctz=America\/Sao_Paulo\" target=\"_blank\">Agenda da Dire\u00e7\u00e3o do Instituto de Tecnologia &#8211; IT<\/a><\/p>\n\n\n\n<p>&#8211;<a href=\"http:\/\/itr.ufrrj.br\/portal\/agenda-da-direcao-academica\/\" data-type=\"URL\" data-id=\"http:\/\/itr.ufrrj.br\/portal\/agenda-da-direcao-academica\/\"> <\/a><a href=\"http:\/\/itr.ufrrj.br\/portal\/agenda-da-direcao-academica\/\" data-type=\"URL\" data-id=\"http:\/\/itr.ufrrj.br\/portal\/agenda-da-direcao-academica\/\">Agenda da Dire\u00e7\u00e3o Acad\u00eamica do Instituto Tr\u00eas Rios &#8211; ITR<\/a><\/p>\n\n\n\n<p><\/p>\n\n\n\n<p>&#8211; <a href=\"https:\/\/institucional.ufrrj.br\/acessoainformacao\/files\/2020\/08\/Organograma.pdf\">Estrutura organizacional (Organograma)<\/a><\/p>\n\n\n\n<p>&#8211; <a href=\"http:\/\/institucional.ufrrj.br\/soc\/estatuto-e-regimento-geral-da-ufrrj-e-suas-modificacoes\/\">Estatuto e Regimento Geral<\/a><\/p>\n\n\n\n<p>&#8211; <a href=\"http:\/\/institucional.ufrrj.br\/soc\/files\/2016\/04\/Delib032CONSU2014.pdf\">Regimento Interno da Reitoria (compet\u00eancias)<\/a><\/p>\n\n\n\n<p>&#8211;<a href=\"https:\/\/institucional.ufrrj.br\/acessoainformacao\/files\/2020\/08\/curriculos-administra\u00e7\u00e3o-central-ufrrj.pdf\"> Principais cargos da Administra\u00e7\u00e3o Central (curr\u00edculos)<\/a><\/p>\n\n\n\n<p><\/p>\n\n\n\n<p><a href=\"https:\/\/sigaa.ufrrj.br\/sigaa\/public\/academico\/busca_responsavel.jsf?aba=p-academico\">&#8211; Diretorias de Instituto, do CCG e do CTUR &nbsp;(curr\u00edculo, endere\u00e7o, hor\u00e1rio de funcionamento, p\u00e1gina da Unidade, e-mail e telefone)<\/a><\/p>\n","protected":false},"excerpt":{"rendered":"<p>Nesta se\u00e7\u00e3o s\u00e3o divulgadas informa\u00e7\u00f5es institucionais e organizacionais da Universidade Federal Rural do Rio de Janeiro, compreendendo suas fun\u00e7\u00f5es, compet\u00eancias, <a class=\"read-more\" href=\"https:\/\/institucional.ufrrj.br\/acessoainformacao\/institucional\/ \" >&#8230; <span class=\"font-italic\">leia mais <i class=\"fas fa-angle-right\"><\/i><\/span><\/a><\/p>\n","protected":false},"author":634,"featured_media":0,"parent":0,"menu_order":0,"comment_status":"open","ping_status":"open","template":"","meta":{"footnotes":""},"class_list":["post-18","page","type-page","status-publish","hentry"],"yoast_head":"<!-- This site is optimized with the Yoast SEO plugin v27.2 - https:\/\/yoast.com\/product\/yoast-seo-wordpress\/ -->\n<title>Institucional - Acesso \u00e0 Informa\u00e7\u00e3o<\/title>\n<meta name=\"robots\" content=\"index, follow, max-snippet:-1, max-image-preview:large, max-video-preview:-1\" \/>\n<link rel=\"canonical\" href=\"https:\/\/institucional.ufrrj.br\/acessoainformacao\/institucional\/\" \/>\n<meta property=\"og:locale\" content=\"pt_BR\" \/>\n<meta property=\"og:type\" content=\"article\" \/>\n<meta property=\"og:title\" content=\"Institucional - Acesso \u00e0 Informa\u00e7\u00e3o\" \/>\n<meta property=\"og:description\" content=\"Nesta se\u00e7\u00e3o s\u00e3o divulgadas informa\u00e7\u00f5es institucionais e organizacionais da Universidade Federal Rural do Rio de Janeiro, compreendendo suas fun\u00e7\u00f5es, compet\u00eancias, ... leia mais\" \/>\n<meta property=\"og:url\" content=\"https:\/\/institucional.ufrrj.br\/acessoainformacao\/institucional\/\" \/>\n<meta property=\"og:site_name\" content=\"Acesso \u00e0 Informa\u00e7\u00e3o\" \/>\n<meta property=\"article:modified_time\" content=\"2022-07-05T14:35:34+00:00\" \/>\n<meta name=\"twitter:card\" content=\"summary_large_image\" \/>\n<meta name=\"twitter:label1\" content=\"Est. tempo de leitura\" \/>\n\t<meta name=\"twitter:data1\" content=\"2 minutos\" \/>\n<script type=\"application\/ld+json\" class=\"yoast-schema-graph\">{\"@context\":\"https:\/\/schema.org\",\"@graph\":[{\"@type\":\"WebPage\",\"@id\":\"https:\/\/institucional.ufrrj.br\/acessoainformacao\/institucional\/\",\"url\":\"https:\/\/institucional.ufrrj.br\/acessoainformacao\/institucional\/\",\"name\":\"Institucional - Acesso \u00e0 Informa\u00e7\u00e3o\",\"isPartOf\":{\"@id\":\"https:\/\/institucional.ufrrj.br\/acessoainformacao\/#website\"},\"datePublished\":\"2012-05-07T16:59:57+00:00\",\"dateModified\":\"2022-07-05T14:35:34+00:00\",\"breadcrumb\":{\"@id\":\"https:\/\/institucional.ufrrj.br\/acessoainformacao\/institucional\/#breadcrumb\"},\"inLanguage\":\"pt-BR\",\"potentialAction\":[{\"@type\":\"ReadAction\",\"target\":[\"https:\/\/institucional.ufrrj.br\/acessoainformacao\/institucional\/\"]}]},{\"@type\":\"BreadcrumbList\",\"@id\":\"https:\/\/institucional.ufrrj.br\/acessoainformacao\/institucional\/#breadcrumb\",\"itemListElement\":[{\"@type\":\"ListItem\",\"position\":1,\"name\":\"In\u00edcio\",\"item\":\"https:\/\/institucional.ufrrj.br\/acessoainformacao\/\"},{\"@type\":\"ListItem\",\"position\":2,\"name\":\"Institucional\"}]},{\"@type\":\"WebSite\",\"@id\":\"https:\/\/institucional.ufrrj.br\/acessoainformacao\/#website\",\"url\":\"https:\/\/institucional.ufrrj.br\/acessoainformacao\/\",\"name\":\"Acesso \u00e0 Informa\u00e7\u00e3o\",\"description\":\"UFRRJ\",\"potentialAction\":[{\"@type\":\"SearchAction\",\"target\":{\"@type\":\"EntryPoint\",\"urlTemplate\":\"https:\/\/institucional.ufrrj.br\/acessoainformacao\/?s={search_term_string}\"},\"query-input\":{\"@type\":\"PropertyValueSpecification\",\"valueRequired\":true,\"valueName\":\"search_term_string\"}}],\"inLanguage\":\"pt-BR\"}]}<\/script>\n<!-- \/ Yoast SEO plugin. -->","yoast_head_json":{"title":"Institucional - Acesso \u00e0 Informa\u00e7\u00e3o","robots":{"index":"index","follow":"follow","max-snippet":"max-snippet:-1","max-image-preview":"max-image-preview:large","max-video-preview":"max-video-preview:-1"},"canonical":"https:\/\/institucional.ufrrj.br\/acessoainformacao\/institucional\/","og_locale":"pt_BR","og_type":"article","og_title":"Institucional - Acesso \u00e0 Informa\u00e7\u00e3o","og_description":"Nesta se\u00e7\u00e3o s\u00e3o divulgadas informa\u00e7\u00f5es institucionais e organizacionais da Universidade Federal Rural do Rio de Janeiro, compreendendo suas fun\u00e7\u00f5es, compet\u00eancias, ... leia mais","og_url":"https:\/\/institucional.ufrrj.br\/acessoainformacao\/institucional\/","og_site_name":"Acesso \u00e0 Informa\u00e7\u00e3o","article_modified_time":"2022-07-05T14:35:34+00:00","twitter_card":"summary_large_image","twitter_misc":{"Est. tempo de leitura":"2 minutos"},"schema":{"@context":"https:\/\/schema.org","@graph":[{"@type":"WebPage","@id":"https:\/\/institucional.ufrrj.br\/acessoainformacao\/institucional\/","url":"https:\/\/institucional.ufrrj.br\/acessoainformacao\/institucional\/","name":"Institucional - Acesso \u00e0 Informa\u00e7\u00e3o","isPartOf":{"@id":"https:\/\/institucional.ufrrj.br\/acessoainformacao\/#website"},"datePublished":"2012-05-07T16:59:57+00:00","dateModified":"2022-07-05T14:35:34+00:00","breadcrumb":{"@id":"https:\/\/institucional.ufrrj.br\/acessoainformacao\/institucional\/#breadcrumb"},"inLanguage":"pt-BR","potentialAction":[{"@type":"ReadAction","target":["https:\/\/institucional.ufrrj.br\/acessoainformacao\/institucional\/"]}]},{"@type":"BreadcrumbList","@id":"https:\/\/institucional.ufrrj.br\/acessoainformacao\/institucional\/#breadcrumb","itemListElement":[{"@type":"ListItem","position":1,"name":"In\u00edcio","item":"https:\/\/institucional.ufrrj.br\/acessoainformacao\/"},{"@type":"ListItem","position":2,"name":"Institucional"}]},{"@type":"WebSite","@id":"https:\/\/institucional.ufrrj.br\/acessoainformacao\/#website","url":"https:\/\/institucional.ufrrj.br\/acessoainformacao\/","name":"Acesso \u00e0 Informa\u00e7\u00e3o","description":"UFRRJ","potentialAction":[{"@type":"SearchAction","target":{"@type":"EntryPoint","urlTemplate":"https:\/\/institucional.ufrrj.br\/acessoainformacao\/?s={search_term_string}"},"query-input":{"@type":"PropertyValueSpecification","valueRequired":true,"valueName":"search_term_string"}}],"inLanguage":"pt-BR"}]}},"_links":{"self":[{"href":"https:\/\/institucional.ufrrj.br\/acessoainformacao\/wp-json\/wp\/v2\/pages\/18","targetHints":{"allow":["GET"]}}],"collection":[{"href":"https:\/\/institucional.ufrrj.br\/acessoainformacao\/wp-json\/wp\/v2\/pages"}],"about":[{"href":"https:\/\/institucional.ufrrj.br\/acessoainformacao\/wp-json\/wp\/v2\/types\/page"}],"author":[{"embeddable":true,"href":"https:\/\/institucional.ufrrj.br\/acessoainformacao\/wp-json\/wp\/v2\/users\/634"}],"replies":[{"embeddable":true,"href":"https:\/\/institucional.ufrrj.br\/acessoainformacao\/wp-json\/wp\/v2\/comments?post=18"}],"version-history":[{"count":26,"href":"https:\/\/institucional.ufrrj.br\/acessoainformacao\/wp-json\/wp\/v2\/pages\/18\/revisions"}],"predecessor-version":[{"id":646,"href":"https:\/\/institucional.ufrrj.br\/acessoainformacao\/wp-json\/wp\/v2\/pages\/18\/revisions\/646"}],"wp:attachment":[{"href":"https:\/\/institucional.ufrrj.br\/acessoainformacao\/wp-json\/wp\/v2\/media?parent=18"}],"curies":[{"name":"wp","href":"https:\/\/api.w.org\/{rel}","templated":true}]}}

<p>Nesta seção são divulgadas informações institucionais e organizacionais da Universidade Federal Rural do Rio de Janeiro, compreendendo suas funções, competências, estrutura organizacional, relação de autoridades (quem é quem), agenda de autoridades, horários de atendimento e legislação do órgão/entidade.</p>



<p><strong>Acesse todas as informações nos links abaixo</strong></p>



<p>Horário de atendimento na Reitoria e unidades acadêmicas: de segunda a sexta, das 08:00 às 17:00<br>Há excepcionalidade no horário de funcionamento para os setores que realizam atendimento ao público devido à existência de aulas no horário noturno, em locais como bibliotecas, e coordenações de curso. Também há horário diferenciado de funcionamento das unidades que trabalham em tempo integral, como o Posto de saúde e Divisão de Guarda e Vigilância.</p>



<p>&#8211; <a href="https://institucional.ufrrj.br/acessoainformacao/sobre-a-ufrrj/">Sobre a UFRRJ </a></p>



<p>&#8211; <a href="https://institucional.ufrrj.br/acessoainformacao/agenda-da-reitoria/">Agenda da Reitoria</a></p>



<p>&#8211; <a href="https://institucional.ufrrj.br/acessoainformacao/agenda-da-vice-reitoria/">Agenda da Vice-Reitoria</a></p>



<p>&#8211; <a href="https://institucional.ufrrj.br/acessoainformacao/agenda-da-propladi/">Agenda da Pró-Reitoria de Planejamento, Avaliação e Desenvolvimento Institucional &#8211; PROPLADI</a></p>



<p>&#8211; <a href="https://portal.ufrrj.br/pro-reitoria-de-gestao-de-pessoas/agenda-da-progep/">Agenda da Pró Reitoria de Gestão de Pessoas &#8211; PROGEP</a></p>



<p>&#8211; <a href="https://portal.ufrrj.br/pro-reitoria-de-assuntos-financeiros/agenda-da-proaf/">Agenda da Pró Reitorias de Assuntos Financeiros &#8211; PROAF</a></p>



<p>&#8211; <a href="https://portal.ufrrj.br/pro-reitoria-de-assuntos-estudantis/agenda-proaes/">Agenda da Pró-Reitoria de Assuntos Estudantis &#8211; PROAES</a></p>



<p>&#8211; <a href="https://portal.ufrrj.br/pro-reitoria-de-graduacao/agenda-da-prograd/">Agenda da Pró-Reitoria de Graduação &#8211; PROGRAD</a></p>



<p>&#8211; <a href="http://www.ni.ufrrj.br/calendario-de-reunioes-diretoria-academica/">Agenda da Direção Acadêmica do Instituto Multidisciplinar &#8211; IM</a></p>



<p>&#8211; <a href="https://institutos.ufrrj.br/iv/apresentacao/">Agenda da Direção do Instituto de Veterinária &#8211; IV</a></p>



<p>&#8211;<a href="https://institutos.ufrrj.br/icsa/agenda-do-diretor/"> Agenda da Direção do Instituto de Ciências Sociais Aplicadas &#8211; ICSA</a></p>



<p>&#8211; <a rel="noreferrer noopener" href="https://calendar.google.com/calendar/u/0/embed?src=1l98cuf726vofgeb68n3v0jcdg@group.calendar.google.com&amp;ctz=America/Sao_Paulo" target="_blank">Agenda da Direção do Instituto de Tecnologia &#8211; IT</a></p>



<p>&#8211;<a href="http://itr.ufrrj.br/portal/agenda-da-direcao-academica/" data-type="URL" data-id="http://itr.ufrrj.br/portal/agenda-da-direcao-academica/"> </a><a href="http://itr.ufrrj.br/portal/agenda-da-direcao-academica/" data-type="URL" data-id="http://itr.ufrrj.br/portal/agenda-da-direcao-academica/">Agenda da Direção Acadêmica do Instituto Três Rios &#8211; ITR</a></p>



<p></p>



<p>&#8211; <a href="https://institucional.ufrrj.br/acessoainformacao/files/2020/08/Organograma.pdf">Estrutura organizacional (Organograma)</a></p>



<p>&#8211; <a href="http://institucional.ufrrj.br/soc/estatuto-e-regimento-geral-da-ufrrj-e-suas-modificacoes/">Estatuto e Regimento Geral</a></p>



<p>&#8211; <a href="http://institucional.ufrrj.br/soc/files/2016/04/Delib032CONSU2014.pdf">Regimento Interno da Reitoria (competências)</a></p>



<p>&#8211;<a href="https://institucional.ufrrj.br/acessoainformacao/files/2020/08/curriculos-administração-central-ufrrj.pdf"> Principais cargos da Administração Central (currículos)</a></p>



<p></p>



<p><a href="https://sigaa.ufrrj.br/sigaa/public/academico/busca_responsavel.jsf?aba=p-academico">&#8211; Diretorias de Instituto, do CCG e do CTUR &nbsp;(currículo, endereço, horário de funcionamento, página da Unidade, e-mail e telefone)</a></p>

<p>Nesta seção são divulgadas informações institucionais e organizacionais da Universidade Federal Rural do Rio de Janeiro, compreendendo suas funções, competências, <a class="read-more" href="https://institucional.ufrrj.br/acessoainformacao/institucional/ " >&#8230; <span class="font-italic">leia mais <i class="fas fa-angle-right"></i></span></a></p>

<!-- This site is optimized with the Yoast SEO plugin v27.2 - https://yoast.com/product/yoast-seo-wordpress/ -->
<title>Institucional - Acesso à Informação</title>
<meta name="robots" content="index, follow, max-snippet:-1, max-image-preview:large, max-video-preview:-1" />
<link rel="canonical" href="https://institucional.ufrrj.br/acessoainformacao/institucional/" />
<meta property="og:locale" content="pt_BR" />
<meta property="og:type" content="article" />
<meta property="og:title" content="Institucional - Acesso à Informação" />
<meta property="og:description" content="Nesta seção são divulgadas informações institucionais e organizacionais da Universidade Federal Rural do Rio de Janeiro, compreendendo suas funções, competências, ... leia mais" />
<meta property="og:url" content="https://institucional.ufrrj.br/acessoainformacao/institucional/" />
<meta property="og:site_name" content="Acesso à Informação" />
<meta property="article:modified_time" content="2022-07-05T14:35:34+00:00" />
<meta name="twitter:card" content="summary_large_image" />
<meta name="twitter:label1" content="Est. tempo de leitura" />
	<meta name="twitter:data1" content="2 minutos" />
<script type="application/ld+json" class="yoast-schema-graph">{"@context":"https://schema.org","@graph":[{"@type":"WebPage","@id":"https://institucional.ufrrj.br/acessoainformacao/institucional/","url":"https://institucional.ufrrj.br/acessoainformacao/institucional/","name":"Institucional - Acesso à Informação","isPartOf":{"@id":"https://institucional.ufrrj.br/acessoainformacao/#website"},"datePublished":"2012-05-07T16:59:57+00:00","dateModified":"2022-07-05T14:35:34+00:00","breadcrumb":{"@id":"https://institucional.ufrrj.br/acessoainformacao/institucional/#breadcrumb"},"inLanguage":"pt-BR","potentialAction":[{"@type":"ReadAction","target":["https://institucional.ufrrj.br/acessoainformacao/institucional/"]}]},{"@type":"BreadcrumbList","@id":"https://institucional.ufrrj.br/acessoainformacao/institucional/#breadcrumb","itemListElement":[{"@type":"ListItem","position":1,"name":"Início","item":"https://institucional.ufrrj.br/acessoainformacao/"},{"@type":"ListItem","position":2,"name":"Institucional"}]},{"@type":"WebSite","@id":"https://institucional.ufrrj.br/acessoainformacao/#website","url":"https://institucional.ufrrj.br/acessoainformacao/","name":"Acesso à Informação","description":"UFRRJ","potentialAction":[{"@type":"SearchAction","target":{"@type":"EntryPoint","urlTemplate":"https://institucional.ufrrj.br/acessoainformacao/?s={search_term_string}"},"query-input":{"@type":"PropertyValueSpecification","valueRequired":true,"valueName":"search_term_string"}}],"inLanguage":"pt-BR"}]}</script>
<!-- / Yoast SEO plugin. -->

Institucional - Acesso à Informação

Nesta seção são divulgadas informações institucionais e organizacionais da Universidade Federal Rural do Rio de Janeiro, compreendendo suas funções, competências, ... leia mais

Acesso à Informação

Início
